
5
Suppose -22*k + 24*k = 16. Calculate the highest common divisor of k and 8.
8
Let f(w) = w**2 - 6*w + 1. Let q be f(9). Calculate the greatest common factor of 112 and q.
28
Suppose 3*t = -3*k - t + 60, -83 = -5*k - t. Calculate the highest common divisor of 24 and k.
8
Let u(f) = 4*f**2 - f. Let m be u(1). Let n be (-2 - (-10)/6)*-3. Calculate the greatest common divisor of n and m.
1
Suppose 0 = 2*y + y - 120. Suppose 0 = 3*l - 22 - 8. What is the greatest common divisor of l and y?
10
Suppose 0*d + 4 = 4*d. Let z(n) = n**2 + 8*n - 10. Let p be z(-10). Suppose 4*j - p = -j, j = 5*k - 3. Calculate the greatest common factor of d and k.
1
Suppose 4*a - 52 = -4*x, 2*a - 31 = -3*x - 10. Let p be a/(-12)*(0 - 4). Let j be 19*(-2 + p/2). What is the highest common factor of j and 190?
19
Let t be (-22)/(-6) + (-6)/9. Let w be 45 + (t - 0/4). Calculate the greatest common factor of 12 and w.
12
Let j = 121 + -114. What is the highest common divisor of j and 49?
7
Let a be (-64)/(-352) + 0 + 436/22. Calculate the greatest common factor of a and 15.
5
Let r(m) = -4 + 5*m + 4. Let q be r(1). What is the highest common divisor of 35 and q?
5
Let h be 5/3 + (-4)/6. Suppose -18 = -5*j - 13*j. Calculate the greatest common divisor of j and h.
1
Suppose 0 = 7*c + 7*c - 560. Calculate the highest common divisor of c and 20.
20
Let m = 36 - 20. What is the highest common divisor of m and 128?
16
Let g be (45/20)/(1/4). What is the greatest common factor of 81 and g?
9
Suppose p + 2*v = -v + 12, -p - 5*v = -14. Let b = 6 + -2. Suppose -b*g - 134 = -2*u, 6*g = -2*u + 2*g + 118. Calculate the greatest common factor of u and p.
9
Let z(p) = p**3 - 2. Let l be z(2). What is the greatest common divisor of l and 66?
6
Let h(y) = -2*y**3 + y + 1. Let c be h(-1). Suppose 4*o = -5*u + 4, 5*o - 4*u = u + 5. Let t be ((-7)/3 + o)*-12. What is the highest common divisor of t and c?
2
Suppose -2*b = -41 - 109. Calculate the highest common factor of b and 25.
25
Suppose 314 - 50 = 3*h. Let q be (-14)/(-35) + 76/10. Calculate the highest common factor of h and q.
8
Suppose 126 = 5*r - 14. What is the greatest common factor of r and 308?
28
Let d(k) be the first derivative of -k**4/4 + 2*k**3/3 + k**2/2 + k + 2. Let j be d(2). Let a = j + 2. What is the greatest common factor of 5 and a?
5
Let p(z) = z + 4. Let j be p(-3). What is the highest common factor of 3 and j?
1
Suppose -3*d + 925 = 2*d. Let q be 2/(-7) - d/(-35). Suppose -b + 310 = 3*b + 2*x, 382 = q*b - 3*x. What is the highest common divisor of b and 7?
7
Let x = 54 + -37. Calculate the greatest common divisor of 34 and x.
17
Let l(y) be the first derivative of y**2/2 - 3*y - 1. Let r(c) = c - 1. Let m be r(6). Let v be l(m). Calculate the highest common divisor of 8 and v.
2
Suppose 4*m + 3*s = 14, -4*m - 2*s + 6 = -10. Suppose m*b + 68 = 4*x, 8 = -0*x - x - 5*b. Calculate the highest common factor of 4 and x.
4
Let s(v) = 3*v**2 + 2*v - 1. Let a be s(2). Let t(d) = d**2 + d + 4. Let c be t(-8). What is the greatest common divisor of a and c?
15
Let f(x) = -9*x. Let m be f(-2). Let n be ((-6)/(-4))/(m/24). Calculate the highest common divisor of n and 1.
1
Let o(x) = -x + 120. Let a be o(0). Let u be (12/(-15) - 0)*(-5 + -25). What is the greatest common factor of u and a?
24
Let l be 3 + (-2 - -15) + 0. Let h = 125 + -45. What is the highest common factor of h and l?
16
Let m be (70/21)/(2/12). Let t(w) be the first derivative of -13*w**2 - 2*w + 1. Let l be t(-2). What is the greatest common factor of l and m?
10
Let y = 63 - 33. Suppose 18 = 2*t - 6. What is the highest common divisor of y and t?
6
Let n be 1*((24 - 1) + -1). Calculate the highest common divisor of 88 and n.
22
Suppose 2*i + 0*n + 5*n = 4, 8 = 4*i - 2*n. Suppose 0 = 7*s - i*s + 30. Let r be (-15)/(-2) + (-3)/s. Calculate the greatest common divisor of r and 72.
8
Suppose -m - 2*z - 147 = 434, -4*z = 16. Let r = -357 - m. Calculate the greatest common divisor of 27 and r.
27
Let d be (6/9)/((-1)/(-9)). Let j be (-424)/(-10) + d/(-15). Suppose -3*x = -4*t - 2*x + 24, -3*t + 18 = 5*x. Calculate the greatest common factor of j and t.
6
Let w = -43 - 1. Let s be -30*(w/8 + 0). Calculate the highest common factor of s and 15.
15
Let d be ((-1)/(-2))/(3/90). Suppose 4*p - 3*p - 3 = 0. What is the highest common factor of p and d?
3
Let u(y) = y**3 + 11*y**2 + 7*y + 1. Let w be u(-9). Suppose -w = -6*l + 2*l. Let t = 41 - l. What is the greatest common divisor of 4 and t?
4
Suppose -20 = z - 56. What is the greatest common divisor of 18 and z?
18
Suppose 0 = 12*c - 11*c - 32. Calculate the greatest common divisor of c and 128.
32
Let y(m) = -m + 70. Let h be y(28). Calculate the highest common divisor of 12 and h.
6
Let f = -50 + 61. What is the highest common divisor of f and 99?
11
Suppose 0 = 2*f - 3*y - 6 - 11, 4*f + 5*y - 89 = 0. Let a = 1 - -7. What is the greatest common divisor of f and a?
8
Let q(k) = 5*k - 12. Let h be q(12). Calculate the greatest common factor of 80 and h.
16
Let p be -1*(3 - (18 - 4)). Let k = 2 - 1. Calculate the greatest common factor of p and k.
1
Suppose 0 = 3*p - 3*n - 642, p + 6*n - n = 232. Calculate the highest common factor of p and 31.
31
Suppose 0 = 4*n + 5*u - 59, 66 = -n + 5*n - 2*u. Let t = 4 - 2. Suppose -5 = 5*w, -6*m + t*w + 8 = -3*m. Calculate the highest common divisor of n and m.
2
Suppose 3 = 4*p + 19. Let i(d) = -8*d - 10. Let l be i(p). Calculate the greatest common factor of 2 and l.
2
Suppose 0*h = -5*h + 500. Let n(u) = 8*u - 16. Suppose -22 = -4*t - 3*r, -2*t = -0*r + 3*r - 8. Let y be n(t). Calculate the greatest common factor of y and h.
20
Let u(v) = v - 6. Let w be (-12 - -2)*24/(-20). Let l be u(w). Calculate the greatest common factor of 42 and l.
6
Let b(h) = 7*h**2 + h - 2. Let l be b(3). Let a = 18 + -2. Calculate the highest common factor of l and a.
16
Let v = 111 - 93. Calculate the greatest common divisor of 12 and v.
6
Suppose 8 = -5*b - 2. Let d be 30/4 + (-1)/b. Calculate the greatest common divisor of 88 and d.
8
Let u(v) = -v**3 + 5*v**2 + 5*v + 8. Let h be (6/(-4))/((-7)/28). Let d be u(h). Calculate the highest common factor of 14 and d.
2
Let t be 25*((-32)/(-10) - 0). Let h = 10 + 2. Let u be -1 + 44/h*3. Calculate the greatest common divisor of t and u.
10
Let p(f) = f**2 - 2*f + 2. Let m be p(3). Let g be (-3)/6 + (-11)/(-2). Suppose 5*x + g*q = 210, 0*q - 2 = -q. What is the greatest common divisor of x and m?
5
Suppose o = 3*c - 6, -o = -5*o + 2*c + 16. What is the highest common factor of 54 and o?
6
Suppose -6*a + 3*i = -2*a + 2, -2*a = -4*i + 6. Let o be 49 - (2 + -2 + a). Calculate the greatest common divisor of 16 and o.
16
Suppose 4*p = -3*m - 12, -2*m = -5 + 13. Suppose 3*h + 14 = 2*y, p = -2*y + 5*h + 5 + 17. Calculate the greatest common factor of y and 5.
1
Let o be 182/15 + 8/(-60). Calculate the greatest common factor of 96 and o.
12
Let i = -70 - -25. Let h = -21 - i. What is the highest common factor of h and 6?
6
Let m(g) = 49*g + 10. Let a be m(2). Calculate the greatest common factor of a and 27.
27
Let g(z) = -5*z. Let v(d) = -d**3 - 3*d**2 + 4*d - 5. Let s be v(-4). Let y be g(s). Suppose 0 = -r + y + 29. Calculate the greatest common factor of r and 36.
18
Suppose -3*p = d - 7, 5*d - 5*p + 0 - 75 = 0. Calculate the highest common factor of 104 and d.
13
Let a(j) = j**3 + 4*j**2 - 6*j + 3. Let q be a(-5). Calculate the highest common divisor of q and 64.
8
Let y be 20 - 8/((-10)/(-5)). What is the greatest common divisor of 8 and y?
8
Suppose 0*i + 3*w = -5*i + 9, -2*i = 3*w. Let m be 14 - (8/1)/4. Calculate the greatest common divisor of m and i.
3
Suppose 639 = 8*g - 153. What is the greatest common factor of 9 and g?
9
Suppose 4*k = -5*u - 15, 2*k - 3*u + 4*u + 3 = 0. Suppose k = 2*m - 6 + 4. What is the greatest common divisor of m and 1?
1
Let d = 226 - 116. Let a = -41 + d. Suppose -f - 3*l - 3 + 14 = 0, -4*f + 104 = -3*l. What is the greatest common divisor of f and a?
23
Let f be 1/(0 + 2/(-32)). Let t be (0 - 0) + 2 + f. Let i = -2 - t. What is the greatest common divisor of i and 108?
12
Suppose 10*h - 84 = 4*h. What is the highest common factor of h and 112?
14
Let u(c) = c**2 - 3*c + 10. Let i be u(3). What is the greatest common d